divided by 997.
954
What is the remainder when 297760 is divided by 585?
580
Calculate the remainder when 1379 is divided by 343.
7
What is the remainder when 19859 is divided by 125?
109
Calculate the remainder when 2507 is divided by 759.
230
Calculate the remainder when 36303 is divided by 33.
3
Calculate the remainder when 49870 is divided by 29.
19
What is the remainder when 1033557 is divided by 24?
21
Calculate the remainder when 7280 is divided by 79.
12
What is the remainder when 8091 is divided by 7731?
360
Calculate the remainder when 4093 is divided by 1192.
517
Calculate the remainder when 3222 is divided by 630.
72
Calculate the remainder when 10994 is divided by 258.
158
What is the remainder when 1417 is divided by 575?
267
Calculate the remainder when 2187 is divided by 35.
17
What is the remainder when 205175 is divided by 39?
35
Calculate the remainder when 1169705 is divided by 7.
5
What is the remainder when 923514 is divided by 202?
172
Calculate the remainder when 722992 is divided by 20.
12
What is the remainder when 118393 is divided by 897?
886
What is the remainder when 2918 is divided by 236?
86
Calculate the remainder when 1605462 is divided by 794.
788
What is the remainder when 174 is divided by 138?
36
Calculate the remainder when 42994 is divided by 21494.
6
What is the remainder when 600 is divided by 503?
97
Calculate the remainder when 1283 is divided by 568.
147
Calculate the remainder when 15017 is divided by 1367.
1347
Calculate the remainder when 16157 is divided by 23.
11
What is the remainder when 24989 is divided by 6?
5
What is the remainder when 1900 is divided by 121?
85
What is the remainder when 7238 is divided by 7226?
12
Calculate the remainder when 127627 is divided by 34.
25
What is the remainder when 78965 is divided by 2924?
17
What is the remainder when 5204 is divided by 1280?
84
What is the remainder when 65252 is divided by 118?
116
Calculate the remainder when 6628 is divided by 206.
36
What is the remainder when 2290 is divided by 43?
11
What is the remainder when 49290 is divided by 105?
45
What is the remainder when 360 is divided by 75?
60
Calculate the remainder when 6367 is divided by 704.
31
What is the remainder when 68231 is divided by 153?
146
What is the remainder when 379 is divided by 10?
9
Calculate the remainder when 4834 is divided by 160.
34
What is the remainder when 12556 is divided by 1296?
892
Calculate the remainder when 52557 is divided by 292.
289
Calculate the remainder when 4717 is divided by 5.
2
Calculate the remainder when 4569 is divided by 7.
5
Calculate the remainder when 10895 is divided by 48.
47
What is the remainder when 15327 is divided by 73?
70
Calculate the remainder when 318 is divided by 156.
6
What is the remainder when 48115 is divided by 23?
22
What is the remainder when 687 is divided by 93?
36
What is the remainder when 5305 is divided by 310?
35
Calculate the remainder when 200908 is divided by 370.
368
Calculate the remainder when 8495 is divided by 39.
32
Calculate the remainder when 31770 is divided by 13.
11
What is the remainder when 3038 is divided by 395?
273
What is the remainder when 469634 is divided by 47?
10
What is the remainder when 155912 is divided by 39?
29
What is the remainder when 2174986 is divided by 1718?
1716
What is the remainder when 90872 is divided by 7?
5
What is the remainder when 17512 is divided by 1592?
0
What is the remainder when 177795 is divided by 88895?
5
Calculate the remainder when 44833 is divided by 477.
472
What is the remainder when 48707 is divided by 711?
359
Calculate the remainder when 1159 is divided by 1123.
36
Calculate the remainder when 1430 is divided by 173.
46
What is the remainder when 110884 is divided by 83?
79
What is the remainder when 288062 is divided by 448?
446
Calculate the remainder when 957746 is divided by 1478.
2
Calculate the remainder when 182709 is divided by 206.
193
Calculate the remainder when 73174 is divided by 538.
6
What is the remainder when 3212 is divided by 3?
2
Calculate the remainder when 2333624 is divided by 194.
192
Calculate the remainder when 23176 is divided by 190.
186
What is the remainder when 4173 is divided by 174?
171
Calculate the remainder when 16101 is divided by 66.
63
Calculate the remainder when 25407 is divided by 25393.
14
Calculate the remainder when 47208 is divided by 29.
25
What is the remainder when 50877 is divided by 41?
37
What is the remainder when 5593 is divided by 122?
103
Calculate the remainder when 13213 is divided by 693.
46
What is the remainder when 37666 is divided by 69?
61
What is the remainder when 45620 is divided by 6516?
8
Calculate the remainder when 51849 is divided by 30.
9
Calculate the remainder when 169728 is divided by 8932.
20
What is the remainder when 13697 is divided by 100?
97
What is the remainder when 2812 is divided by 310?
22
Calculate the remainder when 65415 is divided by 148.
147
Calculate the remainder when 1162 is divided by 540.
82
Calculate the remainder when 45537 is divided by 92.
89
Calculate the remainder when 36957 is divided by 349.
312
What is the remainder when 4368 is divided by 10?
8
Calculate the remainder when 1747821 is divided by 349564.
1
What is the remainder when 843909 is divided by 6442?
7
What is the remainder when 37977 is divided by 9492?
9
What is the remainder when 47285 is divided by 71?
70
What is the remainder when 37102 is divided by 62?
26
What is the remainder when 45349 is divided by 275?
249
What is the remainder when 1485 is divided by 73?
25
What is the remainder when 11873 is divided by 449?
199
What is the remainder when 59002 is divided by 44?
42
Calculate the remainder when 20546 is divided by 9.
8
Calculate the remainder when 12471 is divided by 191.
56
What is the remainder when 10218 is divided by 845?
78
What is the remainder when 817671 is divided by 179?
178
Calculate the remainder when 589377 is divided by 13.
9
Calculate the remainder when 307 is divided by 23.
8
What is the remainder when 22125 is divided by 21?
12
Calculate the remainder when 2152 is divided by 76.
24
What is the remainder when 131736 is divided by 131719?
17
What is the remainder when 715234 is divided by 24663?
7
What is the remainder when 6527 is divided by 651?
17
Calculate the remainder when 28533 is divided by 29.
26
What is the remainder when 439178 is divided by 70?
68
What is the remainder when 18957 is divided by 306?
291
Calculate the remainder when 14598 is divided by 176.
166
Calculate the remainder when 482891 is divided by 83.
80
What is the remainder when 4718 is divided by 1075?
418
What is the remainder when 57 is divided by 13?
5
Calculate the remainder when 4514 is divided by 1503.
5
What is the remainder when 676946 is divided by 338468?
10
What is the remainder when 24371 is divided by 55?
6
Calculate the remainder when 78413 is divided by 6.
5
Calculate the remainder when 1596 is divided by 321.
312
What is the remainder when 912 is divided by 273?
93
What is the remainder when 56760 is divided by 9?
6
Calculate the remainder when 50990 is divided by 600.
590
What is the remainder when 264130 is divided by 46?
44
What is the remainder when 367843 is divided by 1830?
13
Calculate the remainder when 7678 is divided by 7659.
19
What is the remainder when 5847 is divided by 1255?
827
Calculate the remainder when 10083 is divided by 2346.
699
What is the remainder when 15367 is divided by 265?
262
What is the remainder when 68652 is divided by 111?
54
Calculate the remainder when 5360 is divided by 425.
260
Calculate the remainder when 90627 is divided by 90.
87
Calculate the remainder when 201726 is divided by 15.
6
What is the remainder when 1550 is divided by 74?
70
What is the remainder when 389537 is divided by 323?
322
What is the remainder when 12929 is divided by 6451?
27
Calculate the remainder when 395788 is divided by 197890.
8
What is the remainder when 10717 is divided by 10462?
255
What is the remainder when 2623 is divided by 659?
646
Calculate the remainder when 2184 is divided by 338.
156
What is the remainder when 5384781 is divided by 102?
99
What is the remainder when 480641 is divided by 15?
11
Calculate the remainder when 14857 